43?
False
Is 232058635 a multiple of 35?
False
Does 35 divide 326746840?
True
Is 1514072352 a multiple of 12?
True
Is 56 a factor of 85320088?
True
Is 80 a factor of 515297437?
False
Does 2521 divide 810904225?
False
Is 26236960 a multiple of 80?
True
Is 556914568 a multiple of 38?
False
Does 93 divide 149814351?
True
Is 171774598 a multiple of 4582?
True
Is 108 a factor of 2820040589?
False
Is 10 a factor of 205954770?
True
Does 8 divide 448794298?
False
Does 223 divide 6093161?
False
Does 12 divide 51439524?
True
Is 44336870 a multiple of 1178?
False
Does 88 divide 40377574?
False
Is 14200839 a multiple of 410?
False
Does 20 divide 569600188?
False
Does 61 divide 44629369?
True
Is 591330834 a multiple of 27?
True
Is 28819643 a multiple of 230?
False
Does 351 divide 23628842?
False
Is 221 a factor of 348909?
False
Is 80480064 a multiple of 14?
True
Is 12221853 a multiple of 417?
True
Is 67072214 a multiple of 103?
False
Is 57 a factor of 208053534?
True
Is 101 a factor of 41616747?
True
Is 1931750762 a multiple of 36?
False
Is 54 a factor of 56071838?
False
Is 1800 a factor of 297286200?
True
Is 47 a factor of 2828366?
True
Is 2376062520 a multiple of 120?
True
Is 24424056 a multiple of 4?
True
Is 51353460 a multiple of 2478?
False
Is 353 a factor of 7081849?
False
Is 188566881 a multiple of 10?
False
Is 67541799 a multiple of 17?
True
Is 9409 a factor of 230865972?
False
Is 129255356 a multiple of 475?
False
Is 42508316 a multiple of 62?
True
Is 7567107 a multiple of 683?
False
Is 24738444 a multiple of 3?
True
Is 10280 a factor of 2458914320?
True
Is 462953738 a multiple of 262?
True
Is 1127914655 a multiple of 204?
False
Does 12 divide 507939640?
False
Is 356613105 a multiple of 25?
False
Is 47 a factor of 196084?
True
Is 2 a factor of 240569?
False
Is 259 a factor of 24060775?
False
Is 3012463363 a multiple of 20?
False
Is 41 a factor of 686274160?
False
Is 2336606085 a multiple of 138?
False
Does 657 divide 696794909?
False
Is 301 a factor of 427754248?
False
Does 163 divide 4568898476?
True
Does 706 divide 4050520?
False
Is 92 a factor of 41640311?
False
Is 1004 a factor of 50236144?
True
Does 382 divide 245159196?
True
Does 4558 divide 97233965?
False
Is 570 a factor of 22206059?
False
Is 34 a factor of 1968997?
False
Does 1675 divide 43052525?
True
Does 4645 divide 353414825?
True
Is 13752 a factor of 1442282256?
True
Is 13 a factor of 7773629?
False
Is 86 a factor of 266649794?
True
Does 30 divide 45079633?
False
Does 10 divide 349291446?
False
Does 9 divide 46354437?
True
Is 12 a factor of 177183547?
False
Is 171 a factor of 30255201?
True
Does 2 divide 17187952?
True
Does 252 divide 149256324?
True
Is 7 a factor of 919807214?
False
Is 3410 a factor of 373202585?
False
Is 16 a factor of 259791776?
True
Is 7 a factor of 122519712?
True
Is 3335820481 a multiple of 49?
True
Is 59 a factor of 124927662?
True
Does 4824 divide 2585277744?
False
Does 3 divide 7326975?
True
Does 173 divide 1081050?
False
Is 7901324 a multiple of 363?
False
Is 450 a factor of 1409267?
False
Is 41784815 a multiple of 6?
False
Is 70 a factor of 607137650?
True
Is 391382750 a multiple of 275?
True
Does 7 divide 12688298?
True
Is 5776 a factor of 806707773?
False
Is 1588 a factor of 60823616?
False
Is 2513600862 a multiple of 46?
True
Is 99336508 a multiple of 68?
True
Is 10397564 a multiple of 46?
True
Is 58266234 a multiple of 18?
True
Is 20929856 a multiple of 32?
True
Is 188076845 a multiple of 517?
True
Is 576654698 a multiple of 19?
False
Does 9 divide 2511837?
True
Does 86 divide 1282900614?
True
Is 956 a factor of 54139236?
True
Is 908310670 a multiple of 10?
True
Is 69068403 a multiple of 6034?
False
Is 31 a factor of 1321545686?
True
Is 38 a factor of 1086915083?
False
Does 38 divide 152548446?
False
Does 2955 divide 1205096389?
False
Is 40 a factor of 722819240?
True
Is 49874052 a multiple of 1236?
False
Is 1441 a factor of 36506294?
True
Does 1142 divide 18144096?
True
Is 206293644 a multiple of 17?
False
Does 1595 divide 157285130?
False
Does 107 divide 1115762081?
True
Is 3738968191 a multiple of 403?
False
Is 185546772 a multiple of 2213?
True
Is 176131293 a multiple of 27?
False
Is 18 a factor of 4278437?
False
Is 451 a factor of 248231302?
True
Is 752 a factor of 1919992187?
False
Is 1469 a factor of 63503401?
True
Is 3216167309 a multiple of 10?
False
Is 790 a factor of 1003644950?
False
Does 4 divide 424628159?
False
Is 146407839 even?
False
Does 151 divide 1834692280?
True
Is 559214915 a multiple of 35?
True
Is 551863978 a multiple of 2066?
False
Is 3919 a factor of 330022909?
True
Does 2834 divide 104996866?
True
Is 24327940 a multiple of 70?
True
Is 159 a factor of 176793690?
True
Does 22 divide 288044284?
True
Is 23841509 a multiple of 3777?
False
Is 2050826202 a multiple of 6957?
True
Is 5 a factor of 133693811?
False
Does 14 divide 7322141758?
False
Is 214 a factor of 86878292?
False
Is 1765 a factor of 36690127?
False
Does 41 divide 9736885?
True
Is 3663011692 a multiple of 986?
True
Is 144 a factor of 321984?
True
Is 210 a factor of 12939780?
True
Is 1064 a factor of 47615164?
False
Is 137 a factor of 24439002?
False
Does 92 divide 196458916?
True
Is 11734611 a multiple of 15?
False
Does 769 divide 477309841?
True
Is 1631 a factor of 650068744?
False
Is 374398402 a multiple of 62?
False
Is 775250136 a multiple of 1704?
True
Is 34795086 a multiple of 5?
False
Does 23 divide 172234925?
True
Is 129531542 a multiple of 60?
False
Is 80990200 a multiple of 40?
True
Is 22 a factor of 509350?
False
Does 11 divide 12914638?
True
Is 1355711 a multiple of 27?
False
Is 8108090 a multiple of 838?
False
Is 285981325 a multiple of 3466?
False
Does 9 divide 39247173?
True
Is 2159 a factor of 38758368?
True
Does 40 divide 1164576400?
True
Is 32775456 a multiple of 646?
True
Is 414195464 a multiple of 4588?
True
Is 348 a factor of 43466244?
True
Is 56 a factor of 27024592?
True
Is 80 a factor of 6668455?
False
Is 8 a factor of 1455246488?
True
Is 5 a factor of 140479715?
True
Is 8329680 a multiple of 80?
True
Does 9 divide 1846231279?
False
Does 207 divide 20594430?
True
Is 75374826 a multiple of 308?
False
Is 140329524 a multiple of 8?
False
Does 1024 divide 424881368?
False
Is 85 a factor of 27269358?
False
Does 11 divide 61035359?
True
Is 431 a factor of 222452606?
False
Is 19222659 a multiple of 3?
True
Is 637980 a multiple of 31?
True
Does 38 divide 76510074?
True
Does 48 divide 99168600?
False
Is 504183276 a multiple of 92?
True
Does 23 divide 15343783?
True
Is 2 a factor of 51641505?
False
Is 1937 a factor of 15615928?
False
Is 46 a factor of 39680152?
True
Is 707584685 a multiple of 5?
True
Is 135 a factor of 32253120?
True
Is 1266 a factor of 139699004?
False
Does 1666 divide 2085305544?
True
Is 99 a factor of 212978262?
False
Does 435 divide 659895000?
True
Is 12732548 a multiple of 24?
False
Does 14 divide 2318480?
False
Is 935 a factor of 577991755?
True
Does 3 divide 16781221?
False
Is 51617053 a multiple of 82?
False
Is 2793662318 a multiple of 928?
False
Is 982 a factor of 31615545?
False
Is 1222102860 a multiple of 11?
True
Does 5566 divide 2791920975?
False
Is 3669966046 a multiple of 8623?
True
Is 68663062 a multiple of 1438?
True
Does 10 divide 365036013?
False
Is 422 a factor of 170464592?
False
Does 321 divide 1386196189?
False
Does 236 divide 5858053360?
True
Is 19064934 a multiple of 1162?
True
Does 9 divide 177310035?
True
Is 26451130 a multiple of 115?
False
Does 15 divide 222412992?
False
Is 3379037664 a multiple of 851?
False
Is 274 a factor of 308003153?
False
Is 3726329 a multiple of 613?
False
Is 183390480 a multiple of 270?
True
Is 3764 a factor of 207219690?
False
Is 10879793 a multiple of 87?
False
Is 25300082 a multiple of 3182?
True
Is 41107050 a multiple of 15?
True
Does 860 divide 186769640?
True
Does 37 divide 17778046?
False
Is 186 a factor of 3661938240?
True
Does 240 divide 26044560?
True
Is 739627350 a multiple of 110?
True
Is 256347225 a multiple of 7012?
False
Is 15 a factor of 21373358?
False
Does 2093 divide 1470713426?
True
Is 231890480 a multiple of 40?
True
Does 2714 divide 412213176?
True
Is 2 a factor of 913858997?
False
Is 54 a factor of 4382626?
False
Is 343088850 a multiple of 325?
True
Is 26316